{"id":143,"date":"2015-10-22T10:30:39","date_gmt":"2015-10-22T08:30:39","guid":{"rendered":"http:\/\/www.berthold-gymnasium.de\/wordpress\/?page_id=143"},"modified":"2015-10-25T16:54:36","modified_gmt":"2015-10-25T15:54:36","slug":"partner","status":"publish","type":"page","link":"https:\/\/www.berthold-gymnasium.de\/?page_id=143","title":{"rendered":"Partner"},"content":{"rendered":"<p>Das Berthold-Gymnasium arbeitet regelm\u00e4\u00dfig mit verschiedenen Institutionen zusammen:<\/p>\n<h2>Musik:<\/h2>\n<ul>\n<li><a href=\"http:\/\/www.barockorchester.de\/\">Freiburger Barockorchester<\/a><\/li>\n<li><a href=\"http:\/\/www.swr.de\/orchester-und-ensembles\/swr-young-classix\/school-classix-jedes-swr-konzert-ist-ein-schulprojekt\/-\/id=6196006\/nid=6196006\/did=8122368\/dhllgk\/index.html\">SWR-Orchester<\/a><\/li>\n<li><a href=\"http:\/\/www.jrs.org\/\">Jazz und Rock Schulen Freiburg<\/a><\/li>\n<li><a href=\"http:\/\/www.mh-freiburg.de\/\">Hochschule f\u00fcr Musik Freiburg<\/a><\/li>\n<li><a href=\"http:\/\/www.ensemble-recherche.de\">ensemble recherche<\/a><\/li>\n<\/ul>\n<h2>Naturwissenschaften:<\/h2>\n<ul>\n<li><a href=\"http:\/\/www.freiburg-seminar.de\/\">Freiburg-Seminar f\u00fcr Mathematik und Naturwissenschaften<\/a><\/li>\n<\/ul>\n<h2>Sport:<\/h2>\n<ul>\n<li><a href=\"http:\/\/www.ft1844-freiburg.de\/\">Freiburger Turnerschaft 1844 e. V.<\/a><\/li>\n<li><a href=\"http:\/\/www.freiburg1887.badischer-schachverband.de\/\">Schach-Club Freiburg-Z\u00e4hringen 1887 e. V.<\/a><\/li>\n<\/ul>\n<h2>Gesellschaftswissenschaften:<\/h2>\n<ul>\n<li><a href=\"http:\/\/www.lpb-freiburg.de\/\">Landeszentrale f\u00fcr politische Bildung BW: Au\u00dfenstelle Freiburg<\/a><\/li>\n<li><a href=\"http:\/\/www.wp.freiburger-netzwerk-geschichte.de\/\">Freiburger Netzwerk Geschichte e. V.<\/a><\/li>\n<li><a href=\"https:\/\/www.deutsche-schuelerakademie.de\/\">Deutsche Sch\u00fclerakademie Bonn<\/a><\/li>\n<\/ul>\n<h2>Finanzsektor:<\/h2>\n<ul>\n<li><a href=\"http:\/\/www.deutsche-bank.de\">Deutsche Bank<\/a><\/li>\n<\/ul>\n<h2>Berufsfindung:<\/h2>\n<ul>\n<li><a href=\"https:\/\/www.arbeitsagentur.de\/web\/content\/DE\/dienststellen\/rdbw\/freiburg\/Agentur\/BuergerinnenundBuerger\/Berufsinformationszentrum\/index.htm\">Berufsinformationszentrum der Arbeitsagentur<\/a><\/li>\n<\/ul>\n<h2>Entwicklungshilfe:<\/h2>\n<ul>\n<li><a href=\"http:\/\/www.project-human-aid.de\/\">Project Human Aid<\/a><\/li>\n<\/ul>\n","protected":false},"excerpt":{"rendered":"<p>Das Berthold-Gymnasium arbeitet regelm\u00e4\u00dfig mit verschiedenen Institutionen zusammen: Musik: Freiburger Barockorchester SWR-Orchester Jazz und Rock Schulen Freiburg Hochschule f\u00fcr Musik Freiburg ensemble recherche Naturwissenschaften: Freiburg-Seminar f\u00fcr Mathematik und Naturwissenschaften Sport: Freiburger Turnerschaft 1844 e. V. Schach-Club Freiburg-Z\u00e4hringen 1887 e. V. Gesellschaftswissenschaften: Landeszentrale f\u00fcr politische Bildung BW: Au\u00dfenstelle Freiburg Freiburger Netzwerk Geschichte e. V. Deutsche Sch\u00fclerakademie [&hellip;]<\/p>\n","protected":false},"author":1,"featured_media":0,"parent":0,"menu_order":0,"comment_status":"closed","ping_status":"closed","template":"","meta":{"_FSMCFIC_featured_image_caption":"","_FSMCFIC_featured_image_nocaption":"","_FSMCFIC_featured_image_hide":"","footnotes":""},"class_list":["post-143","page","type-page","status-publish","hentry"],"publishpress_future_action":{"enabled":false,"date":"2026-05-11 11:20:25","action":"change-status","newStatus":"draft","terms":[],"taxonomy":"","extraData":[]},"publishpress_future_workflow_manual_trigger":{"enabledWorkflows":[]},"_links":{"self":[{"href":"https:\/\/www.berthold-gymnasium.de\/index.php?rest_route=\/wp\/v2\/pages\/143","targetHints":{"allow":["GET"]}}],"collection":[{"href":"https:\/\/www.berthold-gymnasium.de\/index.php?rest_route=\/wp\/v2\/pages"}],"about":[{"href":"https:\/\/www.berthold-gymnasium.de\/index.php?rest_route=\/wp\/v2\/types\/page"}],"author":[{"embeddable":true,"href":"https:\/\/www.berthold-gymnasium.de\/index.php?rest_route=\/wp\/v2\/users\/1"}],"replies":[{"embeddable":true,"href":"https:\/\/www.berthold-gymnasium.de\/index.php?rest_route=%2Fwp%2Fv2%2Fcomments&post=143"}],"version-history":[{"count":0,"href":"https:\/\/www.berthold-gymnasium.de\/index.php?rest_route=\/wp\/v2\/pages\/143\/revisions"}],"wp:attachment":[{"href":"https:\/\/www.berthold-gymnasium.de\/index.php?rest_route=%2Fwp%2Fv2%2Fmedia&parent=143"}],"curies":[{"name":"wp","href":"https:\/\/api.w.org\/{rel}","templated":true}]}}